Suppose 14 = -2*q + 38. Let n = 36 - q. What is the remainder when 9/(8 - 9) - (-2 - 51) is divided by n?
20
Let p = 8 - 0. Suppose -p*z = -6 - 2. What is the remainder when 104 is divided by ((-2)/z - -1)/(16/(-432))?
23
What is the remainder when 1609 is divided by ((-204)/20)/((-46)/460)?
79
Suppose -r + 22*r = 42. Suppose -r*f + 3*y + 578 = 2*f, f - 5*y = 136. Calculate the remainder when f is divided by 15.
11
Let x(t) = -t**3 + 14*t**2 + 2*t - 148. What is the remainder when x(13) is divided by 13?
8
Let u(l) = 2*l**2 + 3*l + 34. Let b be u(0). What is the remainder when 180 is divided by (-17)/(b/(-56)) - 2/1?
24
Suppose -31 = -4*k + 17. What is the remainder when (((-2)/5)/((-9)/(-15)))/(11/(-2343)) is divided by k?
10
Let s = 713 - 710. Suppose 396 = 3*v + s*o, -5*o + 205 - 885 = -5*v. Calculate the remainder when v is divided by 23.
19
Let c = -21697 - -21809. What is the remainder when c is divided by 7?
0
Suppose 2*r - 8 = 0, 257*g - 2*r = 258*g - 24. Calculate the remainder when 131 is divided by g.
3
Let j be 15702/54 + 8/36. Let f = 297 - j. What is the remainder when 561 is divided by f?
3
Let m(b) = -15*b**2 - 169*b - 88. What is the remainder when m(-8) is divided by 125?
54
Suppose 3*g + 4*m - 165 = -2*g, 0 = -m - 5. Let d = 442 - 418. Suppose 3*l = 3*k + d, 0 = -7*k + 6*k + 5. Calculate the remainder when g is divided by l.
11
Let f = 6683 + -6551. Calculate the remainder when 1174 is divided by f.
118
Let r(k) = 3*k**3 - 15*k**2 + 21*k + 9. Calculate the remainder when 304 is divided by r(4).
34
What is the remainder when 10 + 3 + -11 + (-440)/(-4) is divided by ((-1)/3)/((-1)/114)?
36
Suppose -62*x = -84*x + 18964. Calculate the remainder when x is divided by 18.
16
Let f(d) = d**2 + 673*d + 112703. Let n = -25 + 46. Let z = n - 13. Calculate the remainder when f(-312) is divided by z.
7
Let d be (-3)/((-7)/((-42)/(-6))). Let z be (-6)/(-12)*(0 - 0). Suppose -5*t + d*t + 6 = z. Calculate the remainder when 21 is divided by t.
0
Let w(j) = -j**3 + 10*j**2 + 13*j - 24. Let i be w(11). What is the remainder when 20 is divided by 1 + (-18)/i - -2?
8
Let v = 8 + 21. Let n = -25712 + 25881. Calculate the remainder when n is divided by v.
24
Suppose 9*l - 32 = -7*l. Suppose l*p = -6*p + 64. What is the remainder when p is divided by 3?
2
Suppose -l + 742 = -155. Let a = 920 - l. Calculate the remainder when 23 is divided by a.
0
Suppose 104*v - 27248 = 250744. Calculate the remainder when v is divided by 888.
9
Calculate the remainder when 4319 is divided by (-1 + 0)*((-73185)/68 - (-12)/(-16)).
11
Let a = -491 + 359. Let g = a + 139. What is the remainder when 39 is divided by g?
4
Let y be 4 + -1 - (-400 - 50/(-5)). Suppose -270 + y = q. What is the remainder when q is divided by 28?
11
Suppose -2*a + 35 + 135 = 10*f, 2*f = 5*a + 61. Let q = 16 - 13. Suppose 4*g - q*g - 5*m - 22 = 0, 4*m = 20. What is the remainder when g is divided by f?
11
Let d = 1903 + -1728. What is the remainder when d is divided by 36?
31
Let z = 600 + -702. Suppose -3*v + 93 = 546. Let h = z - v. Calculate the remainder when 291 is divided by h.
46
What is the remainder when 373325/685 - (2*1)/(4/(-6)) is divided by 180?
8
Let v(b) = -2*b**3 + 113*b**2 + 548*b + 68. Let z(w) = -48*w**3 + 2*w + 1. What is the remainder when z(-1) is divided by v(61)?
5
Let u(i) = -i**2 + 18*i - 13. Let p = 92 - 41. Suppose -2*j + p = j. Calculate the remainder when 43 is divided by u(j).
3
Let b(s) = 31*s + 1. What is the remainder when b(1) is divided by (36/144*-6)/((-1)/((-50)/(-3)))?
7
Let f = -22 + 24. Let i be -9*1*f/6. Let m = 39 + i. What is the remainder when m is divided by 19?
17
Let x = -64 + -323. Let c = x + 409. What is the remainder when 106 is divided by c?
18
Suppose -10*n - 27 - 3 = 0. What is the remainder when 61 is divided by (-914)/(-26) + n/39*2?
26
Let p(j) = 2*j**3 - 24*j**2 + j + 69. Suppose -2*h - 2*a + 38 = 3*a, -4*h = 2*a - 60. What is the remainder when p(12) is divided by h?
11
Let v(y) = y**3 + 10*y**2 + 5*y + 44. What is the remainder when 838 is divided by v(-4)?
118
Suppose 0 = 10*y - 37 - 13. Suppose 10*s + i = 5*s + 85, -y*s + 65 = -3*i. Calculate the remainder when 78 is divided by s.
14
Suppose -2*x - 3*b + 31 = 0, -4*x + 5*b + 29 = -0*b. What is the remainder when 55 is divided by (-260)/(-36) - (x/9 + -1)?
6
Let q(l) = l**2 - 15*l - 616. Let c(d) = d**3 - 8*d**2 + 12*d - 12. Calculate the remainder when c(9) is divided by q(-19).
27
Let r = -6069 - -6327. What is the remainder when r is divided by 13?
11
Let l = 42 - 33. Let a be 4 + 3/((-3)/(-172)). Calculate the remainder when (1 + a)/(l/3) is divided by 30.
29
Let i(b) = -377*b + 4292. What is the remainder when i(9) is divided by 323?
253
Let b(f) = -f**2 - 27*f + 91. Let w(o) = 2*o**2 + 52*o - 182. Let s(y) = 7*b(y) + 4*w(y). What is the remainder when 168 is divided by s(7)?
77
Suppose -h + 0*h = -4*h. Suppose h*v - 427 = 7*v. Let n = 110 + v. What is the remainder when n is divided by 10?
9
Suppose 5*j - 2*p = 463 - 300, 4*p = 3*j - 95. Calculate the remainder when 187 is divided by j.
22
Let a(h) = -26*h + 2111. What is the remainder when a(75) is divided by 151?
10
Let j = 32 - 24. Suppose j*y - 3*y - 455 = 0. Suppose -3*w + y = -2*b, -4*w + b = -0*b - 128. What is the remainder when w is divided by 9?
6
Let z be 2 - (1696/(-4) + -2). Suppose 4*w + 2*k = -z, 5*w + 0*k + 2*k = -533. Let o = w + 137. What is the remainder when 61 is divided by o?
29
Let s = -7064 - -7111. Calculate the remainder when 1260 is divided by s.
38
Let h(i) = -i**2 + 12*i + 1. Let k be h(16). Let d = 53 + k. What is the remainder when 18 is divided by d/3*(-12)/8?
3
Let i(g) = 4*g + 63. Let x be i(-14). What is the remainder when (164/x)/(8/28) is divided by 42?
40
Let l be 514/(-30) + (-26)/(-195). Let j = 126 + l. Let t = j + -92. What is the remainder when 101 is divided by t?
16
Suppose -18*r - 66 + 912 = 0. Let l(y) = -84*y + 8. Calculate the remainder when l(-1) is divided by r.
45
Let b = -715 + 799. Suppose o - 20 = 3*n, -24 = -4*o + 5*n + b. Calculate the remainder when 1/2 - (-502)/4 is divided by o.
30
Suppose t = 5*l + 1582 - 3593, 0 = 5*l + 2*t - 1993. Suppose 0 = -a + 45. Calculate the remainder when l is divided by a.
41
Let a(r) = -r**2 - 4*r - 6. Let l be a(-3). Let y = l - 0. Let h(g) = -g**3 + g**2 + 4*g + 1. Calculate the remainder when 123 is divided by h(y).
23
Let c = -11 - -11. Suppose 0 = -w + x + x, c = w + x. Suppose 14*z - 20*z + 78 = w. Calculate the remainder when 51 is divided by z.
12
Calculate the remainder when 259 is divided by (3/1 + 10)/((-325)/(-39) - 8).
25
Suppose -240 + 231 = -3*c. What is the remainder when ((-69)/6)/((c + -5)/8) is divided by 16?
14
Let s be -81*(-6 + (-140)/(-21)). Calculate the remainder when ((-18)/4)/(-8 - 423/s) is divided by -3*3*(-10)/6.
12
Let l(s) = -40*s**3 + s. Suppose 3*q - r = -3, 4*q + 5*r + 5 = -q. Let a be l(q). Let g = -32 + a. Calculate the remainder when 19 is divided by g.
5
Suppose -83*q - 5*h = -78*q - 1755, -4*h = q - 345. Calculate the remainder when q is divided by 87.
5
Let g(n) = n**3 - 8*n**2 + 13*n - 22. Let t be g(7). Suppose 3*v = -o + 4*v, -2*v + t = 2*o. What is the remainder when 32 is divided by o?
2
Let t = -2309 + 2370. What is the remainder when t is divided by 10?
1
Suppose o + 120 = 41*o. What is the remainder when 229 is divided by o?
1
Suppose 18*d - 80 = 172. Let b(a) = 2*a**2 - 2*a - 2. Calculate the remainder when b(6) is divided by (-2*1)/(d/(-217)).
27
Let d = -97 + 111. Let a = d + -14. Calculate the remainder when 99 is divided by a - (-4)/(24/150).
24
Suppose -2*f - 4*s + 46 = 0, -s + 61 = 14*f - 9*f. Calculate the remainder when 316 is divided by f.
8
Suppose -2983 - 9473 = -8*r. Calculate the remainder when r is divided by 18.
9
Suppose 74210 + 72759 = 148*n - 94271. Calculate the remainder when n is divided by 15.
10
Suppose 2*o - 2*p - 57 - 63 = 0, 2*o - 100 = -3*p. Calculate the remainder when 247 is divided by o.
23
Suppose 0 = 5*d + 3 - 63. Let v be -2*270/(-48)*(-4)/(-3). Suppose -113*s + 116*s - v = 0. What is the remainder when d is divided by s?
2
Let n = -277 + 1675. Let z = 2156 - n. Calculate the remainder when z is divided by 33.
32
Suppose -2*w = -3*j + 3, 4*j + 3*w 